eatest common divisor of 27984 and 2266386.
318
Calculate the greatest common factor of 2457824 and 2158784.
2848
Calculate the greatest common factor of 6010 and 247572935.
3005
Calculate the greatest common divisor of 211482 and 272211.
93
What is the highest common factor of 1646 and 8558377?
823
Calculate the greatest common divisor of 1334016 and 1188.
108
What is the greatest common factor of 2 and 588454?
2
What is the highest common factor of 238 and 2848979?
119
Calculate the highest common factor of 27 and 9066861.
9
Calculate the greatest common factor of 32768 and 3298304.
1024
Calculate the highest common divisor of 145722 and 503018.
326
What is the greatest common divisor of 335887 and 295?
59
What is the greatest common divisor of 12247055 and 2125?
85
What is the highest common factor of 125718 and 113114?
46
Calculate the highest common divisor of 242925 and 35875.
1025
What is the greatest common factor of 11810 and 15667146?
2362
Calculate the highest common divisor of 4720258 and 262390.
2762
What is the highest common divisor of 5170420 and 80?
20
What is the greatest common factor of 958815 and 37895?
715
What is the highest common factor of 3040 and 6033184?
608
What is the highest common divisor of 10131 and 147662702?
3377
Calculate the highest common factor of 204 and 113052.
12
What is the highest common factor of 229649 and 50085?
371
Calculate the highest common divisor of 190 and 6273154.
38
Calculate the highest common divisor of 59179897 and 23.
23
What is the greatest common divisor of 11271 and 1967407?
13
Calculate the greatest common factor of 11294296 and 416.
104
Calculate the highest common divisor of 30030 and 12529790.
910
What is the greatest common factor of 9823112 and 18096?
3016
What is the highest common factor of 33196090 and 25?
5
Calculate the greatest common divisor of 155 and 20086380.
5
What is the highest common factor of 2934926 and 1388?
694
What is the greatest common divisor of 704333 and 175?
7
Calculate the highest common factor of 925 and 849800.
25
Calculate the greatest common factor of 74096 and 1804.
44
Calculate the greatest common factor of 4280 and 226997290.
1070
What is the greatest common divisor of 71078700 and 12012?
924
Calculate the greatest common divisor of 33729 and 51.
3
Calculate the greatest common divisor of 11643938 and 41174.
346
What is the highest common divisor of 769783 and 52353?
1939
Calculate the greatest common divisor of 85 and 9961830.
85
What is the greatest common divisor of 62274 and 1390398?
582
Calculate the highest common divisor of 5 and 1261565.
5
What is the highest common divisor of 218092 and 58?
2
What is the greatest common factor of 4075989 and 36897?
753
Calculate the highest common factor of 766 and 51045474.
766
What is the greatest common divisor of 12173873 and 142?
71
What is the highest common divisor of 69643 and 5684?
7
Calculate the greatest common divisor of 4097 and 53346.
17
Calculate the highest common divisor of 38076 and 1938.
114
What is the greatest common factor of 36 and 179460?
36
What is the highest common factor of 2667610 and 440?
110
What is the greatest common factor of 9300 and 74450?
50
Calculate the greatest common divisor of 15263678 and 1424.
178
Calculate the highest common divisor of 19879281 and 18.
9
Calculate the highest common divisor of 5332338 and 80934.
282
Calculate the highest common divisor of 704482227 and 1629.
1629
Calculate the highest common divisor of 10696707 and 1197.
63
Calculate the greatest common divisor of 4700 and 10256725.
25
What is the greatest common divisor of 53721135 and 1170?
585
Calculate the greatest common divisor of 18323 and 55973.
251
What is the highest common factor of 643 and 123070200?
643
What is the highest common factor of 4471657 and 217?
31
What is the greatest common divisor of 9969734 and 282?
94
Calculate the greatest common divisor of 3040661234 and 26.
26
Calculate the greatest common divisor of 6525 and 74265075.
225
Calculate the highest common divisor of 66 and 9355038.
66
What is the greatest common factor of 314434048 and 2304?
256
Calculate the highest common divisor of 8 and 19874128.
8
What is the greatest common divisor of 4856 and 55360?
8
Calculate the greatest common divisor of 2262 and 109584098.
754
Calculate the greatest common factor of 5163 and 10272.
3
What is the greatest common divisor of 780 and 3794520?
60
What is the highest common divisor of 280 and 386256136?
56
What is the highest common divisor of 1753617 and 987?
141
Calculate the highest common divisor of 4931004 and 6643.
949
What is the greatest common factor of 46236294 and 788?
394
Calculate the greatest common factor of 42863561 and 2795.
559
What is the greatest common divisor of 657 and 4175673?
219
Calculate the highest common factor of 43830 and 2230.
10
What is the highest common divisor of 846 and 124459008?
282
Calculate the highest common factor of 10548857 and 14845.
2969
What is the highest common factor of 52 and 2768870?
26
What is the highest common factor of 97410 and 81366?
1146
Calculate the greatest common factor of 2 and 328660742.
2
Calculate the greatest common factor of 315938044 and 1712.
428
Calculate the greatest common divisor of 4235 and 342232891.
847
Calculate the highest common divisor of 106318149 and 56196.
4683
Calculate the greatest common factor of 365170 and 10530.
130
What is the highest common divisor of 84818 and 118?
2
What is the greatest common divisor of 1628004 and 4?
4
What is the greatest common factor of 312 and 2083926?
78
What is the highest common divisor of 7460 and 474840?
20
What is the greatest common divisor of 58583384 and 16?
8
Calculate the highest common divisor of 369029791 and 65.
13
What is the highest common factor of 3141216 and 27?
9
What is the highest common factor of 10228 and 76344349?
2557
What is the highest common factor of 17049629 and 301?
43
What is the greatest common divisor of 32 and 103934496?
32
Calculate the highest common factor of 215 and 28395007.
43
What is the greatest common divisor of 13537848 and 8772?
204
Calculate the greatest common divisor of 2290605183 and 4833.
4833
What is the greatest common divisor of 1923 and 105065669?
641
Calculate the greatest common divisor of 83302349 and 26.
13
What is the highest common divisor of 4822940 and 51340?
3020
Calculate the greatest common divisor of 24446 and 17007226.
1438
What is the highest common divisor of 19095800 and 2600?
200
Calculate the greatest common divisor of 75252359 and 29249.
2659
What is the greatest common factor of 34945215 and 10?
5
What is the greatest common factor of 8864 and 5522549?
277
Calculate the highest common factor of 44 and 87527561.
11
What is the greatest common factor of 528 and 12042192?
48
What is the greatest common factor of 252 and 2932488?
36
Calculate the greatest common factor of 9801 and 267289.
121
Calculate the highest common divisor of 816878 and 88631.
263
What is the greatest common divisor of 250365038 and 2926?
154
What is the greatest common factor of 139308 and 444828?
228
Calculate the highest common divisor of 664 and 243161614.
166
Calculate the greatest common divisor of 1467 and 169129941.
489
Calculate the greatest common factor of 636963 and 634320.
2643
Calculate the greatest common divisor of 3693 and 607419.
3
Calculate the highest common divisor of 21307354 and 2294.
62
Calculate the greatest common divisor of 1164 and 1647372.
12
What is the greatest common divisor of 36 and 686003904?
36
Calculate the highest common divisor of 4434 and 7032.
6
Calculate the highest common factor of 6341335 and 16170.
2695
What is the highest common factor of 1264671906 and 1626?
1626
What is the highest common factor of 15 and 38041345?
5
Calculate the highest common divisor of 2393388 and 51192.
324
What is the highest common factor of 17 and 206524177?
17
What is the greatest common divisor of 242 and 1064514?
22
Calculate the highest common factor of 3756 and 1615658424.
3756
Calculate the greatest common factor of 6664 and 18707514.
1666
What is the highest common factor of 1020 and 2830800?
60
What is the highest common factor of 19416368 and 23150?
926
Calculate the greatest c